sor of g and u.
18
Suppose -5*n = -5*y + 255, n = -4*y + 6*n + 199. Let s = 9 - 6. Suppose s*v - 14 = 2*v. Calculate the greatest common factor of y and v.
14
Let l be 4/22 + 20/11. Suppose -3 = -l*f + 5*f. Let j be (0 - f)/2*50. Calculate the greatest common factor of j and 10.
5
Let r = 35 - 18. Let t(f) = 16*f**2 - 2*f. Let h be t(-2). Calculate the greatest common factor of r and h.
17
Let o = 15 - 39. Let x = -14 - o. Let g be (132/15)/((24/75)/4). Calculate the highest common factor of g and x.
10
Let n = 4 - -3. Let v be (-2)/(-4)*2*n. What is the greatest common divisor of v and 49?
7
Suppose -h = -2*n + 50, 13 = 5*h + 3. Calculate the highest common divisor of n and 26.
26
Let t(j) = -3*j**3 - j**2 - 2*j - 6. Let z be t(-4). Suppose 4*w - z = 4*l - 674, 4*l + 2*w - 508 = 0. What is the highest common divisor of l and 14?
14
Let f be 5/(-2)*(-340)/50. What is the greatest common divisor of 153 and f?
17
Suppose 3*x = -2*x + i + 41, 5*x = -4*i + 61. What is the greatest common factor of x and 72?
9
Let n(y) = y**2 + 27. Let a be n(0). Let b = 2 - -1. What is the greatest common divisor of b and a?
3
Let d be 3/(((-3)/(-4))/1). Let n(y) = y + 8. Let l be n(-4). Let j be 9/4 - 1/l. What is the highest common divisor of d and j?
2
Let q = -46 - -69. What is the greatest common divisor of 184 and q?
23
Let t be (24/(-10))/((-7)/(175/2)). Calculate the highest common divisor of t and 80.
10
Let w = -50 - -158. What is the highest common divisor of w and 27?
27
Suppose 20 + 530 = 5*l. Suppose 5*o = -0*o + l. Calculate the greatest common factor of 198 and o.
22
Let q be (40/6)/(((-22)/60)/(-11)). What is the highest common factor of q and 25?
25
Suppose 3*s + 3*m - 18 = 0, -3*m + 2 = -2*m. Let l = -2 + 1. Let j be (4/(-3))/(l/15). Calculate the highest common factor of j and s.
4
Let q(p) = -p**2 - 10*p - 8. Let v be q(-7). Let d be -1*2 - (-1 - 66). What is the greatest common divisor of d and v?
13
Let q = 3 + 1. What is the highest common factor of 4 and q?
4
Let l be 2 - 6/(-1) - -1. Let b(v) be the first derivative of 10*v**2 + 3*v + 1. Let d be b(3). Calculate the greatest common factor of d and l.
9
Suppose 16*b - 6*b = 330. What is the greatest common factor of 22 and b?
11
Let f = 336 + -200. Calculate the highest common divisor of 17 and f.
17
Suppose -4*c - 44 = -5*a, 4*a - 5*c - 37 = -0*a. Calculate the highest common factor of 32 and a.
8
Suppose 3*s + 0*s - 36 = 0. Let w = 29 + -27. Suppose w + s = 2*m. Calculate the highest common divisor of m and 7.
7
Let q = -18 - -30. What is the highest common divisor of 3 and q?
3
Let u(d) be the second derivative of -d**5/20 + d**4/12 + 121*d**2/2 - d. Let q be u(0). Calculate the highest common factor of 11 and q.
11
Suppose -1 - 2 = -k. Suppose k*v - v = 252. Suppose 0 = -5*u - 48 + 138. What is the greatest common factor of v and u?
18
Let d(k) = -10*k - 37. Let f be d(-4). Calculate the greatest common factor of f and 27.
3
Suppose -2*w = 4*d + 10, -3*w - d + 2*d - 1 = 0. Let s be 1/(w/2*-1). Let c = s - -4. Calculate the greatest common factor of c and 2.
2
Let i be 2/4*(-1 - -9). Let p be (3 + -1)/(2/i). Calculate the greatest common factor of 2 and p.
2
Suppose -q = -5*a + 1432, a - 4*q - 866 = -2*a. What is the greatest common factor of 26 and a?
26
Let k be (-2*1)/(2/(-45)). Suppose 0 = -2*j + 3 + 3. Let s be (j - 5 - -15) + 2. Calculate the greatest common divisor of k and s.
15
Let h = -28 - -79. What is the highest common factor of 204 and h?
51
Let x = 21 - 18. Calculate the highest common factor of 21 and x.
3
Suppose 8 = 4*p + 4*a - 24, -a - 2 = -p. Calculate the greatest common factor of p and 100.
5
Let g = 19 - 11. Suppose 0 = r + 3*k - g, -2*r + 5*k + 10 = 27. Let c be ((-13)/3)/(r/3). What is the greatest common divisor of 26 and c?
13
Let l(q) = q**2 - q + 18. Let m be l(0). Let h(w) = -w**3 + 9*w**2 - 16*w + 6. Let d be h(6). Calculate the greatest common factor of m and d.
18
Let g = 7 + 2. Calculate the greatest common factor of 3 and g.
3
Let s be 108 + 3*(-1)/1. Calculate the highest common factor of s and 21.
21
Let i = -20 - -12. Let c = 1 - i. Let x(w) = w + 2. Let q be x(7). Calculate the highest common divisor of q and c.
9
Suppose f = 4*x + 15, 4*f + 2*x = 3*x + 60. Suppose 4 = 3*l - 4*l. Let n be -146*2/l - -2. What is the greatest common divisor of f and n?
15
Let a(z) = -15*z - 8. Let q be a(-8). Let u be 1 + 14 + -1 + 0. What is the highest common factor of q and u?
14
Let k be (-465)/(-25) + (-3)/5. What is the greatest common factor of 90 and k?
18
Suppose v - 324 = -2*v. Calculate the highest common factor of v and 36.
36
Let i(h) = 2*h**3 - 2*h**2 + 3*h. Let n be i(2). What is the greatest common divisor of n and 42?
14
Suppose -b - 84 = -2*u + 12, 5*b = -2*u + 96. Let n = -29 + u. What is the highest common factor of n and 57?
19
Let j be (-2)/4 - (-9)/2. Let f = -2 + j. Suppose 0 = -2*v + 2*c + 16, f*v - 48 = -3*v - 3*c. Calculate the highest common factor of v and 1.
1
Let o(z) = -1. Let p(y) = 5*y - 3. Let f = 0 - -3. Let v(d) = f*o(d) - p(d). Let k be v(-7). Calculate the highest common factor of 5 and k.
5
Let k(g) = 6*g + 4. Let o be k(2). Calculate the highest common divisor of 40 and o.
8
Let u be -9 + (-3)/6*-4. Let z = u - -9. Suppose -j - 6 = -z*j. Calculate the highest common factor of 6 and j.
6
Let q be (-2 - -1)/(2/96*-2). Calculate the highest common divisor of q and 60.
12
Let g = 14 - 8. Let x = -76 + 150. Let k = x + -20. What is the highest common factor of g and k?
6
Suppose y + 2 = 2*y. Let v be y/1 - (-34)/1. Let s(k) = -k**3 - k + 12. Let g be s(0). What is the greatest common factor of g and v?
12
Let f(t) = 4*t**2 - t - 9. Let y be f(4). Calculate the greatest common factor of 34 and y.
17
Suppose 4*y + 2*k = -3*k - 6, -k = 3*y - 1. Let c be (y/3)/(1/6). Let q be (-12)/(-1) - (-6)/c. What is the greatest common factor of q and 15?
15
Let w = 0 - 0. Let q be -51*2/(-6 + w). Suppose 0 = -3*h + 61 - 10. What is the highest common factor of h and q?
17
Let z be (-1*3)/((-3)/4). Let n be z/(-16) + 434/8. Calculate the greatest common divisor of n and 27.
27
Suppose -c + 1 = -5. Let z be -2 - (-1)/(1/8). What is the greatest common factor of c and z?
6
Let n be -4 - (-23 + (-6)/2). What is the highest common factor of 44 and n?
22
Let x = -41 - -60. Calculate the highest common divisor of 152 and x.
19
Suppose -3*p - 12 = 4*y, -2*p + 5*p + 12 = 2*y. Suppose y = -4*d + 87 + 165. What is the greatest common factor of d and 9?
9
Let l = -5 - -20. Suppose -5*u = l, 5*u + 9 = c - 6. Suppose c = t + t - 26. What is the greatest common factor of t and 78?
13
Let w(h) = 3*h + 11. Let i be w(-10). Let a be -1 - (1 - 0)*i. Calculate the greatest common factor of a and 144.
18
Suppose -66 = 3*q - 5*q. Calculate the greatest common divisor of q and 11.
11
Suppose 5*p + 5 = 3*x, x + p + 0 - 7 = 0. Suppose 0 = x*l - 3*l - 18. What is the highest common factor of 6 and l?
3
Suppose 13 = 3*c - 2*c. Let q be 3/(-12) - 105/(-4). What is the highest common factor of q and c?
13
Suppose -81 - 23 = -4*q. What is the greatest common factor of q and 52?
26
Suppose s = -4*o + 3*o + 4, 3 = 2*o - 3*s. Let j be o + (-453)/((-9)/3). What is the highest common divisor of 14 and j?
14
Let o = 33 + -19. Let p be 279/5 - (-6)/30. What is the greatest common divisor of o and p?
14
Suppose 184 = 3*t + t. Let x = 9 + t. What is the highest common divisor of x and 11?
11
Suppose z = 4*c + 7, 2*c + 20 = -z + 3. Let g = z + 5. Let a be 892/14 - g/14. Calculate the highest common divisor of a and 8.
8
Let s be 1*5*108/45. Let f be ((-15)/9)/((-4)/s). Let y be 0 + 0 + (-20)/(-1). What is the greatest common divisor of f and y?
5
Suppose -46 + 12 = -3*v - 2*a, -v + a + 18 = 0. Calculate the greatest common factor of v and 112.
14
Suppose 15 = 2*o + o + 4*w, 5 = -o + 2*w. Suppose -387 = -11*d - 32*d. Calculate the highest common divisor of d and o.
1
Let g = 142 + -92. Calculate the highest common factor of 125 and g.
25
Let n be 1/(-2)*1*-44. Suppose 2*c - 34 - n = 0. Calculate the greatest common factor of c and 4.
4
Let u = 110 - 106. What is the greatest common divisor of u and 28?
4
Let a(s) = -s**2 - 2*s - 1. Let c be a(3). Let m = 19 + c. What is the greates